70?
2, 5, 17, 2791
List the prime factors of 467530.
2, 5, 7, 6679
List the prime factors of 3833857.
17, 109, 2069
What are the prime factors of 471727?
31, 15217
What are the prime factors of 1344042?
2, 3, 7, 10667
List the prime factors of 19389602.
2, 79, 122719
List the prime factors of 7947742.
2, 11, 23, 113, 139
List the prime factors of 1035013.
7, 147859
List the prime factors of 3048779.
173, 17623
What are the prime factors of 103652?
2, 25913
List the prime factors of 565429.
565429
What are the prime factors of 7359071?
457, 16103
What are the prime factors of 1733592?
2, 3, 7, 17, 607
List the prime factors of 12474998.
2, 67, 93097
What are the prime factors of 11801263?
11801263
List the prime factors of 797888.
2, 7, 13, 137
What are the prime factors of 6118372?
2, 13, 97, 1213
List the prime factors of 863201.
211, 4091
What are the prime factors of 943513?
223, 4231
List the prime factors of 40722.
2, 3, 11, 617
List the prime factors of 8471468.
2, 47, 45061
List the prime factors of 526079.
23, 89, 257
What are the prime factors of 1663678?
2, 19, 43781
What are the prime factors of 3193331?
17, 187843
List the prime factors of 105167.
105167
List the prime factors of 238198.
2, 119099
List the prime factors of 9019328.
2, 53, 2659
List the prime factors of 385553.
7, 55079
What are the prime factors of 393496?
2, 101, 487
What are the prime factors of 30275?
5, 7, 173
List the prime factors of 1502103.
3, 17, 29453
What are the prime factors of 4680841?
11, 181, 2351
List the prime factors of 8445368.
2, 1055671
What are the prime factors of 1493694?
2, 3, 139, 199
What are the prime factors of 234117?
3, 13, 23, 29
List the prime factors of 273931.
7, 39133
List the prime factors of 3239538.
2, 3, 19, 157, 181
What are the prime factors of 11328963?
3, 67, 157, 359
List the prime factors of 171756.
2, 3, 13, 367
List the prime factors of 5465794.
2, 2732897
List the prime factors of 264562.
2, 179, 739
List the prime factors of 1018207.
1018207
What are the prime factors of 366831?
3, 40759
List the prime factors of 1571537.
11, 142867
What are the prime factors of 706795?
5, 141359
What are the prime factors of 206738?
2, 7, 14767
List the prime factors of 298445.
5, 7, 8527
What are the prime factors of 577797?
3, 11, 17509
What are the prime factors of 356273?
37, 9629
List the prime factors of 3804319.
3804319
List the prime factors of 5815066.
2, 2907533
What are the prime factors of 22043104?
2, 223, 3089
What are the prime factors of 23785928?
2, 31, 95911
What are the prime factors of 5660311?
89, 63599
What are the prime factors of 1878619?
17, 59, 1873
What are the prime factors of 372216?
2, 3, 13, 1193
List the prime factors of 1116945.
3, 5, 24821
List the prime factors of 323125.
5, 11, 47
List the prime factors of 1034170.
2, 5, 19, 5443
What are the prime factors of 237948?
2, 3, 79, 251
What are the prime factors of 557180?
2, 5, 13, 2143
What are the prime factors of 678821?
11, 13, 47, 101
List the prime factors of 367206.
2, 3, 7, 1249
List the prime factors of 12102538.
2, 7, 17, 211, 241
What are the prime factors of 1385147?
1385147
What are the prime factors of 10589998?
2, 179, 29581
What are the prime factors of 65570?
2, 5, 79, 83
What are the prime factors of 710487?
3, 89, 887
What are the prime factors of 2421838?
2, 107, 11317
What are the prime factors of 36093?
3, 53, 227
List the prime factors of 503379.
3, 55931
List the prime factors of 852977.
29, 67, 439
List the prime factors of 3303432.
2, 3, 11, 43, 97
What are the prime factors of 2712045?
3, 5, 7, 23, 1123
List the prime factors of 3738324.
2, 3, 61, 5107
List the prime factors of 1116713.
13, 17, 31, 163
What are the prime factors of 396829?
101, 3929
List the prime factors of 8131753.
7, 19, 61141
List the prime factors of 1488792.
2, 3, 17, 41, 89
List the prime factors of 4731696.
2, 3, 1217
List the prime factors of 1924720.
2, 5, 7, 491
List the prime factors of 344910.
2, 3, 5, 11497
List the prime factors of 981984.
2, 3, 53, 193
List the prime factors of 4441541.
13, 149, 2293
What are the prime factors of 896871?
3, 193, 1549
What are the prime factors of 14730516?
2, 3, 373, 1097
List the prime factors of 2446803.
3, 271867
List the prime factors of 8080460.
2, 5, 31, 13033
What are the prime factors of 433723?
433723
List the prime factors of 20064510.
2, 3, 5, 23, 359
List the prime factors of 2550180.
2, 3, 5, 19, 2237
List the prime factors of 338304.
2, 3, 881
List the prime factors of 45414.
2, 3, 29
What are the prime factors of 670381?
23, 29147
List the prime factors of 3701352.
2, 3, 19, 8117
What are the prime factors of 1319286?
2, 3, 219881
List the prime factors of 373315.
5, 197, 379
What are the prime factors of 9843458?
2, 647, 7607
List the prime factors of 284922.
2, 3, 11, 1439
List the prime factors of 120914.
2, 60457
What are the prime factors of 10310810?
2, 5, 1031081
List the prime factors of 506800.
2, 5, 7, 181
What are the prime factors of 88763?
37, 2399
What are the prime factors of 516918?
2, 3, 101, 853
What are the prime factors of 2137795?
5, 11, 47, 827
List the prime factors of 238902.
2, 3, 29, 1373
List the prime factors of 2538630.
2, 3, 5, 67, 421
List the prime factors of 300607.
31, 9697
What are the prime factors of 298252?
2, 173, 431
What are the prime factors of 276650?
2, 5, 11, 503
List the prime factors of 288830.
2, 5, 17, 1699
What are the prime factors of 309647?
13, 23819
List the prime factors of 58058.
2, 7, 11, 13, 29
List the prime factors of 28522394.
2, 14261197
List the prime factors of 939001.
7, 53, 2531
List the prime factors of 36632.
2, 19, 241
List the prime factors of 3534005.
5, 706801
What are the prime factors of 3827045?
5, 765409
What are the prime factors of 123149?
13, 9473
List the prime factors of 346397.
346397
List the prime factors of 111662.
2, 31, 1801
List the prime factors of 155301.
3, 51767
List the prime factors of 27014450.
2, 5, 409, 1321
List the prime factors of 82281.
3, 27427
What are the prime factors of 441960?
2, 3, 5, 29, 127
List the prime factors of 7886932.
2, 587, 3359
List the prime factors of 101148.
2, 3, 8429
What are the prime factors of 1044797?
13, 80369
What are the prime factors of 339691?
11, 30881
List the prime factors of 2697487.
13, 19, 67, 163
List the prime factors of 3480.
2, 3, 5, 29
List the prime factors of 5891710.
2, 5, 11, 19, 2819
What are the prime factors of 389890?
2, 5, 127, 307
List the prime factors of 1731427.
131, 13217
What are the prime factors of 2601154?
2, 79, 101, 163
What are the prime factors of 436632?
2, 3, 7, 23, 113
What are the prime factors of 1086980?
2, 5, 17, 23, 139
What are the prime factors of 1293690?
2, 3, 5, 29, 1487
List the prime factors of 1118789.
7, 23, 6949
List the prime factors of 1212113.
7, 29, 853
What are the prime factors of 3235741?
3235741
List the prime factors of 194889.
3, 167, 389
List the prime factors of 8975714.
2, 11, 19, 109, 197
List the prime factors of 120289.
13, 19, 487
What are the prime factors of 15213505?
5, 3042701
List the prime factors of 2176583.
19, 97, 1181
What are the prime factors of 9478923?
3, 3159641
What are the prime factors of 959489?
959489
What are the prime factors of 1879582?
2, 939791
What are the prime factors of 2241257?
71, 31567
List the prime factors of 4063622.
2, 2031811
List the prime factors of 487842.
2, 3, 81307
List the prime factors of 1832713.
29, 63197
List the prime factors of 609821.
609821
What are the prime factors of 5733745?
5, 641, 1789
List the prime factors of 2658177.
3, 10939
List the prime factors of 1558874.
2, 19, 41023
What are the prime factors of 276545?
5, 19, 41, 71
What are the prime factors of 431951?
13, 149, 223
What are the prime factors of 431304?
2, 3, 17971
What are the prime factors of 2040406?
2, 41, 149, 167
What are the prime factors of 28105864?
2, 19, 179, 1033
What are the prime factors of 2532?
2, 3, 211
List the prime factors of 13057.
11, 1187
List the prime factors of 1688840.
2, 5, 42221
What are the prime factors of 21777823?
43, 506461
List the prime factors of 303998.
2, 97, 1567
List the prime factors of 43748.
2, 10937
List the prime factors of 36